, what is 10 - -1520?
1530
In base 12, what is -3 + -56?
-59
In base 2, what is -1 - 1101000?
-1101001
In base 14, what is 4 + -4a?
-46
In base 13, what is -834 + -5?
-839
In base 3, what is 12101 - 2?
12022
In base 10, what is 6 + -64?
-58
In base 9, what is -201 + 7?
-183
In base 6, what is -1312 + -2?
-1314
In base 2, what is 11101 - -1111?
101100
In base 9, what is -176 - -5?
-171
In base 2, what is 0 - 1101?
-1101
In base 11, what is -1 - 25?
-26
In base 4, what is -1 - 2220?
-2221
In base 2, what is 100111 + -100001?
110
In base 16, what is -1f - -1d?
-2
In base 3, what is 101 + 2112?
2220
In base 4, what is -13 + -31133?
-31212
In base 7, what is 2 + -166?
-164
In base 5, what is -10 + -301?
-311
In base 9, what is 20 + -470?
-450
In base 8, what is -427 - 5?
-434
In base 14, what is 7 - 55?
-4c
In base 6, what is -3 + 310?
303
In base 14, what is 3 + -b0?
-ab
In base 2, what is 1010000010001 + 10?
1010000010011
In base 8, what is 11 - 2?
7
In base 3, what is -2 + -11020?
-11022
In base 11, what is -9 - 58a?
-598
In base 10, what is 3298 - -5?
3303
In base 4, what is -210232 - 12?
-210310
In base 7, what is 3 + 4664?
5000
In base 16, what is -da + 0?
-da
In base 13, what is -10 + -15?
-25
In base 9, what is 1 + -10?
-8
In base 11, what is 2 - -21?
23
In base 2, what is -10 - -1000100?
1000010
In base 8, what is 5 - -217?
224
In base 12, what is 1792 + -2?
1790
In base 11, what is 102 - 17?
96
In base 3, what is -10 + 1102?
1022
In base 2, what is -110111011110 + 10?
-110111011100
In base 3, what is -210020 + 12?
-210001
In base 3, what is 0 - -2020?
2020
In base 12, what is -71 + -3?
-74
In base 16, what is 135 + 0?
135
In base 10, what is 5370 - -4?
5374
In base 10, what is 14 - -238?
252
In base 12, what is -33 - -5?
-2a
In base 6, what is 2010 - -4?
2014
In base 12, what is 59 - 2?
57
In base 10, what is -8568 + -2?
-8570
In base 15, what is 10 - -c?
1c
In base 16, what is -108 - 0?
-108
In base 16, what is 1ce + -1?
1cd
In base 5, what is -1 - 44?
-100
In base 7, what is 311 + 30?
341
In base 10, what is -5 - -435?
430
In base 3, what is 12 + 1112?
1201
In base 14, what is -c - c?
-1a
In base 15, what is b20 + -5?
b1a
In base 7, what is 12 + 3224?
3236
In base 2, what is -1 + -110110?
-110111
In base 5, what is 42 + 324?
421
In base 6, what is 3 + -12123?
-12120
In base 10, what is 150 - 3?
147
In base 6, what is -302 + -23?
-325
In base 15, what is 2 - -d72?
d74
In base 10, what is -9 - 63?
-72
In base 16, what is -3b - 8?
-43
In base 13, what is -1c26 + 7?
-1c1c
In base 8, what is 4637 + -3?
4634
In base 6, what is 12 - -20?
32
In base 14, what is -61 - 9?
-6a
In base 15, what is 25 + -12?
13
In base 13, what is 36 - -29?
62
In base 13, what is -65a - 2?
-65c
In base 4, what is 1 + -2023?
-2022
In base 11, what is 54 + -7?
48
In base 13, what is -3 + -20a?
-210
In base 16, what is -7 - 337?
-33e
In base 6, what is -5 - 14153?
-14202
In base 5, what is 2422 + 10?
2432
In base 12, what is -12a4 - 3?
-12a7
In base 12, what is a - 52?
-44
In base 12, what is -4 - 33?
-37
In base 10, what is 34 + 172?
206
In base 9, what is -1 + 873?
872
In base 15, what is 1 + -ba0?
-b9e
In base 5, what is -3 - -343?
340
In base 13, what is -2a + -8?
-35
In base 2, what is -100100 - 11?
-100111
In base 5, what is -341 + 13?
-323
In base 16, what is 2a1 - 1?
2a0
In base 2, what is 1010 + -1100?
-10
In base 13, what is 19 + 22?
3b
In base 10, what is -23 + -69?
-92
In base 14, what is 4 - -7?
b
In base 7, what is -3 - 1641?
-1644
In base 8, what is 1 - 46?
-45
In base 3, what is 12220 + 12?
20002
In base 12, what is 3 - 101?
-ba
In base 12, what is -369 - -22?
-347
In base 9, what is 83 + 4?
87
In base 14, what is c59 - -2?
c5b
In base 11, what is 2059 - -1?
205a
In base 5, what is -2102222 + 0?
-2102222
In base 8, what is 40 + 166?
226
In base 12, what is -51 + -8?
-59
In base 14, what is 6d - -c?
7b
In base 9, what is -5 - 255?
-261
In base 8, what is -16 - 232?
-250
In base 9, what is -1126 + -5?
-1132
In base 13, what is -4 - -1b?
17
In base 14, what is -3 - aa?
-ad
In base 15, what is 5 - -17e?
184
In base 6, what is 2 - -5525?
5531
In base 9, what is 588 + 0?
588
In base 11, what is 3 + -39?
-36
In base 11, what is -1 + 15?
14
In base 6, what is -2 + -11234?
-11240
In base 6, what is -211 - -3?
-204
In base 5, what is 2444 + 0?
2444
In base 13, what is 5 + -a?
-5
In base 6, what is 5 - 2011?
-2002
In base 12, what is -54 + -85?
-119
In base 3, what is -1201122 - 12?
-1201211
In base 11, what is 76 + 2?
78
In base 8, what is 0 + 216?
216
In base 2, what is 1001001 - -11100100?
100101101
In base 15, what is 3a + 17?
52
In base 9, what is 5 - 4?
1
In base 9, what is -41 + 10?
-31
In base 13, what is c - 907?
-8c8
In base 10, what is 11 - 50?
-39
In base 5, what is 2 - -1103?
1110
In base 7, what is 6451 - -4?
6455
In base 3, what is -211 - -11?
-200
In base 5, what is -3004 + 0?
-3004
In base 11, what is -5 + -486?
-490
In base 8, what is 26 + -36?
-10
In base 16, what is -a + ba?
b0
In base 6, what is -24 + -110?
-134
In base 15, what is -1a40 + 2?
-1a3d
In base 4, what is 12322 + -1?
12321
In base 13, what is -13 - 2?
-15
In base 11, what is 663 - -4?
667
In base 13, what is -1477 - -1?
-1476
In base 15, what is -3 + -3?
-6
In base 15, what is 6 + 8?
e
In base 3, what is -11020 - -1022?
-2221
In base 15, what is -3 - -16e?
16b
In base 7, what is 4 - 411?
-404
In base 16, what is 18 + -f?
9
In base 2, what is 101 - -1101?
10010
In base 9, what is -31 + 243?
212
In base 3, what is -12 - -122?
110
In base 2, what is -11011 - 10011?
-101110
In base 12, what is -3 - -b1?
aa
In base 8, what is 5 - -30?
35
In base 7, what is 2025 + -1?
2024
In base 14, what is db2 - -3?
db5
In base 14, what is 34a - -2?
34c
In base 13, what is -29 + 21?
-8
In base 14, what is -b36 + -4?
-b3a
In base 12, what is -247 - 23?
-26a
In base 10, what is 8 - 133?
-125
In base 14, what is -3 + -dcb?
-dd0
In base 11, what is -138 - 28?
-165
In base 5, what is 3 + 102444?
103002
In base 15, what is -2b + 37?
b
In base 8, what is 15 - 66?
-51
In base 16, what is -5 - 51b?
-520
In base 3, what is -220 + 0?
-220
In base 13, what is 16 - -8?
21
In base 14, what is 1 + 884?
885
In base 10, what is -1 - -1?
0
In base 12, what is 8 + 21?
29
In base 5, what is -321 + -3?
-324
In base 2, what is -1101001 + -11?
-1101100
In base 16, what is 4 + -20?
-1c
In base 4, what is -101 + -10?
-111
In base 5, what is 0 - 100?
-100
In base 14, what is -6 - -4?
-2
In base 7, what is 30 - 15?
12
In base 7, what is -1021 + 101?
-620
In base 6, what is -2 - 2422?
-2424
In base 7, what is -31 - -323?
262
In base 8, what is 44 + 5?
51
In base 3, what is -11 - -201100?
201012
In base 2, what is -1001101 + 10011?
-111010
In base 10, what is 3 - 41?
-38
In base 6, what is -144 + -3?
-151
In base 13, what is 20906 + -2?
20904
In base 16, what is -4 + 4e3?
4df
In base 13, what is -7 + c84?
c7a
In base 7, what is -2326 - -2?
-2324
In base 16, what is -1 - -16a6?
16a5
In base 3, what is 1 + 10001?
10002
In base 5, what is 11 + -132?
-121
In base 8, what is 2 - -37?
41
In base 16, what is -3 - 465?
-468
In base 8, what is -2 - -232?
230
In base 7, what is -2143 - -5?
-2135
In base 14, what is -d3c + 5?
-d37
In base 8, what is 45 - -13?
60
In base 4, what is 11 - -212213?
212230
In base 4, what is 121 - 11?
110
In base 11, what is 11 - -156?
167
In base 10, what is -1 + 1209?
1208
In base 7, what is 120 - 1?
116
In base 11, what is -432 - 3?
-435
In base 6, what is -11 + -151?
-202
In base 10, what is -20 + 9?
-11
In base 3, what is 2 - -11110?
11112
In base 3, what is -212 + 121?
-21
In base 10, what is 0 + 49?
49
In base 7, what is 4065 - 4?
4061
In base 10, what is -1 + -894?
-895
In base 14, what is 5483 - -5?
5488
In base 15, what is 4db - 3?
4d8
In base 5, what is 41 - 32?
4
In base 11, what is -5 - a1?
-a6
In base 3, what is 12122 + -21?
12101
In base 3, what is 11 + -112201?
-112120
In base 16, what is -15d - -2?
-15b
In base 14, what is -53 - -30?
-23
In base 16, what is 4 + -14c?
-148
In base 11, what is 15 + 47?
61
In base 13, what is b - -9?
17
In base 3, what is 0 - 110021?
-110021
In base 14, what is -134 + 1?
-133
In base 9, what is 0 + -1078?
-1078
In base 3, what is 11 + 11000?
11011
In base 2, w